{"version":"1.0","provider_name":"Aldeias Hist\u00f3ricas de Portugal","provider_url":"https:\/\/aldeiashistoricasdeportugal.com\/de","author_name":"Technical Skillmind","author_url":"https:\/\/aldeiashistoricasdeportugal.com\/de\/author\/technical-skillmind\/","title":"\u201eSanto Ant\u00f3nio\u201c Kapelle - Aldeias Hist\u00f3ricas de Portugal","type":"rich","width":600,"height":338,"html":"<blockquote class=\"wp-embedded-content\" data-secret=\"5ytZmnTVPm\"><a href=\"https:\/\/aldeiashistoricasdeportugal.com\/de\/local\/capela-de-santo-antonio-2\/\">\u201eSanto Ant\u00f3nio\u201c Kapelle<\/a><\/blockquote><iframe sandbox=\"allow-scripts\" security=\"restricted\" src=\"https:\/\/aldeiashistoricasdeportugal.com\/de\/local\/capela-de-santo-antonio-2\/embed\/#?secret=5ytZmnTVPm\" width=\"600\" height=\"338\" title=\"&#8222;\u201eSanto Ant\u00f3nio\u201c Kapelle&#8220; &#8211; Aldeias Hist\u00f3ricas de Portugal\" data-secret=\"5ytZmnTVPm\" frameborder=\"0\" marginwidth=\"0\" marginheight=\"0\" scrolling=\"no\" class=\"wp-embedded-content\"><\/iframe><script type=\"text\/javascript\">\n\/* <![CDATA[ *\/\n\/*! This file is auto-generated *\/\n!function(d,l){\"use strict\";l.querySelector&&d.addEventListener&&\"undefined\"!=typeof URL&&(d.wp=d.wp||{},d.wp.receiveEmbedMessage||(d.wp.receiveEmbedMessage=function(e){var t=e.data;if((t||t.secret||t.message||t.value)&&!\/[^a-zA-Z0-9]\/.test(t.secret)){for(var s,r,n,a=l.querySelectorAll('iframe[data-secret=\"'+t.secret+'\"]'),o=l.querySelectorAll('blockquote[data-secret=\"'+t.secret+'\"]'),c=new RegExp(\"^https?:$\",\"i\"),i=0;i<o.length;i++)o[i].style.display=\"none\";for(i=0;i<a.length;i++)s=a[i],e.source===s.contentWindow&&(s.removeAttribute(\"style\"),\"height\"===t.message?(1e3<(r=parseInt(t.value,10))?r=1e3:~~r<200&&(r=200),s.height=r):\"link\"===t.message&&(r=new URL(s.getAttribute(\"src\")),n=new URL(t.value),c.test(n.protocol))&&n.host===r.host&&l.activeElement===s&&(d.top.location.href=t.value))}},d.addEventListener(\"message\",d.wp.receiveEmbedMessage,!1),l.addEventListener(\"DOMContentLoaded\",function(){for(var e,t,s=l.querySelectorAll(\"iframe.wp-embedded-content\"),r=0;r<s.length;r++)(t=(e=s[r]).getAttribute(\"data-secret\"))||(t=Math.random().toString(36).substring(2,12),e.src+=\"#?secret=\"+t,e.setAttribute(\"data-secret\",t)),e.contentWindow.postMessage({message:\"ready\",secret:t},\"*\")},!1)))}(window,document);\n\/\/# sourceURL=https:\/\/aldeiashistoricasdeportugal.com\/wp-includes\/js\/wp-embed.min.js\n\/* ]]> *\/\n<\/script>\n","thumbnail_url":"https:\/\/aldeiashistoricasdeportugal.com\/wp-content\/uploads\/2019\/01\/rascunho-automatico-316.jpg","thumbnail_width":1200,"thumbnail_height":803,"description":"In manuelinischem Stil hat diese ein Portal mit vier Archivolten. Die Hauptkapelle besitzt ein gotisches Gew\u00f6lbe. Die Fassadenverzierung ist bemerkenswert, hier hebt sich ein manuelinisches Portal mit einem Bogen mit vier Archivolten hervor, umrahmt von zwei Balken, die von zwei Lilien \u00fcberragt werden. \u00dcber dem Gesims sitzt ein Glockenturm. Auf der n\u00f6rdlichen Seitenfassade befindet sich [&hellip;]"}

Aldeias Históricas de Portugal

„Santo António“ Kapelle - Aldeias Históricas de Portugal

<blockquote class="wp-embedded-content" data-secret="5ytZmnTVPm"><a href="https://aldeiashistoricasdeportugal.com/de/local/capela-de-santo-antonio-2/">„Santo António“ Kapelle</a></blockquote><iframe sandbox="allow-scripts" security="restricted" src="https://aldeiashistoricasdeportugal.com/de/local/capela-de-santo-antonio-2/embed/#?secret=5ytZmnTVPm" width="600" height="338" title="&#8222;„Santo António“ Kapelle&#8220; &#8211; Aldeias Históricas de Portugal" data-secret="5ytZmnTVPm" frameborder="0" marginwidth="0" marginheight="0" scrolling="no" class="wp-embedded-content"></iframe><script type="text/javascript">
/* <![CDATA[ */
/*! This file is auto-generated */
!function(d,l){"use strict";l.querySelector&&d.addEventListener&&"undefined"!=typeof URL&&(d.wp=d.wp||{},d.wp.receiveEmbedMessage||(d.wp.receiveEmbedMessage=function(e){var t=e.data;if((t||t.secret||t.message||t.value)&&!/[^a-zA-Z0-9]/.test(t.secret)){for(var s,r,n,a=l.querySelectorAll('iframe[data-secret="'+t.secret+'"]'),o=l.querySelectorAll('blockquote[data-secret="'+t.secret+'"]'),c=new RegExp("^https?:$","i"),i=0;i<o.length;i++)o[i].style.display="none";for(i=0;i<a.length;i++)s=a[i],e.source===s.contentWindow&&(s.removeAttribute("style"),"height"===t.message?(1e3<(r=parseInt(t.value,10))?r=1e3:~~r<200&&(r=200),s.height=r):"link"===t.message&&(r=new URL(s.getAttribute("src")),n=new URL(t.value),c.test(n.protocol))&&n.host===r.host&&l.activeElement===s&&(d.top.location.href=t.value))}},d.addEventListener("message",d.wp.receiveEmbedMessage,!1),l.addEventListener("DOMContentLoaded",function(){for(var e,t,s=l.querySelectorAll("iframe.wp-embedded-content"),r=0;r<s.length;r++)(t=(e=s[r]).getAttribute("data-secret"))||(t=Math.random().toString(36).substring(2,12),e.src+="#?secret="+t,e.setAttribute("data-secret",t)),e.contentWindow.postMessage({message:"ready",secret:t},"*")},!1)))}(window,document);
//# sourceURL=https://aldeiashistoricasdeportugal.com/wp-includes/js/wp-embed.min.js
/* ]]> */
</script>

In manuelinischem Stil hat diese ein Portal mit vier Archivolten. Die Hauptkapelle besitzt ein gotisches Gewölbe. Die Fassadenverzierung ist bemerkenswert, hier hebt sich ein manuelinisches Portal mit einem Bogen mit vier Archivolten hervor, umrahmt von zwei Balken, die von zwei Lilien überragt werden. Über dem Gesims sitzt ein Glockenturm. Auf der nördlichen Seitenfassade befindet sich [&hellip;]
