{"version":"1.0","provider_name":"Aldeias Hist\u00f3ricas de Portugal","provider_url":"https:\/\/aldeiashistoricasdeportugal.com\/de","author_name":"Technical Skillmind","author_url":"https:\/\/aldeiashistoricasdeportugal.com\/de\/author\/technical-skillmind\/","title":"Statue von Pedro \u00c1lvares Cabral - Aldeias Hist\u00f3ricas de Portugal","type":"rich","width":600,"height":338,"html":"<blockquote class=\"wp-embedded-content\" data-secret=\"N0aMgjXSMV\"><a href=\"https:\/\/aldeiashistoricasdeportugal.com\/de\/local\/estatua-pedro-alvares-cabral\/\">Statue von Pedro \u00c1lvares Cabral<\/a><\/blockquote><iframe sandbox=\"allow-scripts\" security=\"restricted\" src=\"https:\/\/aldeiashistoricasdeportugal.com\/de\/local\/estatua-pedro-alvares-cabral\/embed\/#?secret=N0aMgjXSMV\" width=\"600\" height=\"338\" title=\"&#8222;Statue von Pedro \u00c1lvares Cabral&#8220; &#8211; Aldeias Hist\u00f3ricas de Portugal\" data-secret=\"N0aMgjXSMV\" frameborder=\"0\" marginwidth=\"0\" marginheight=\"0\" scrolling=\"no\" class=\"wp-embedded-content\"><\/iframe><script type=\"text\/javascript\">\n\/* <![CDATA[ *\/\n\/*! This file is auto-generated *\/\n!function(d,l){\"use strict\";l.querySelector&&d.addEventListener&&\"undefined\"!=typeof URL&&(d.wp=d.wp||{},d.wp.receiveEmbedMessage||(d.wp.receiveEmbedMessage=function(e){var t=e.data;if((t||t.secret||t.message||t.value)&&!\/[^a-zA-Z0-9]\/.test(t.secret)){for(var s,r,n,a=l.querySelectorAll('iframe[data-secret=\"'+t.secret+'\"]'),o=l.querySelectorAll('blockquote[data-secret=\"'+t.secret+'\"]'),c=new RegExp(\"^https?:$\",\"i\"),i=0;i<o.length;i++)o[i].style.display=\"none\";for(i=0;i<a.length;i++)s=a[i],e.source===s.contentWindow&&(s.removeAttribute(\"style\"),\"height\"===t.message?(1e3<(r=parseInt(t.value,10))?r=1e3:~~r<200&&(r=200),s.height=r):\"link\"===t.message&&(r=new URL(s.getAttribute(\"src\")),n=new URL(t.value),c.test(n.protocol))&&n.host===r.host&&l.activeElement===s&&(d.top.location.href=t.value))}},d.addEventListener(\"message\",d.wp.receiveEmbedMessage,!1),l.addEventListener(\"DOMContentLoaded\",function(){for(var e,t,s=l.querySelectorAll(\"iframe.wp-embedded-content\"),r=0;r<s.length;r++)(t=(e=s[r]).getAttribute(\"data-secret\"))||(t=Math.random().toString(36).substring(2,12),e.src+=\"#?secret=\"+t,e.setAttribute(\"data-secret\",t)),e.contentWindow.postMessage({message:\"ready\",secret:t},\"*\")},!1)))}(window,document);\n\/\/# sourceURL=https:\/\/aldeiashistoricasdeportugal.com\/wp-includes\/js\/wp-embed.min.js\n\/* ]]> *\/\n<\/script>\n","thumbnail_url":"https:\/\/aldeiashistoricasdeportugal.com\/wp-content\/uploads\/2019\/02\/rascunho-automatico-715.jpg","thumbnail_width":803,"thumbnail_height":1200,"description":"Eine in 1961 von \u00c1lvaro de Br\u00e9e gefertigte Skulptur. Enth\u00fcllt wurde diese in 1963 von Juscelino Kubitschek de Oliveira (Pr\u00e4sident von Brasilien, 1956-1961). Der Seefahrer befindet sich in einer ausgelassenen Pose und h\u00e4lt ein Astrolabium, ein Schwert und ein Kreuz. Statuen von Cabral sind nur in Belmonte, Lissabon und Santar\u00e9m aufzufinden. Er ist auch auf [&hellip;]"}

Aldeias Históricas de Portugal

Statue von Pedro Álvares Cabral - Aldeias Históricas de Portugal

<blockquote class="wp-embedded-content" data-secret="N0aMgjXSMV"><a href="https://aldeiashistoricasdeportugal.com/de/local/estatua-pedro-alvares-cabral/">Statue von Pedro Álvares Cabral</a></blockquote><iframe sandbox="allow-scripts" security="restricted" src="https://aldeiashistoricasdeportugal.com/de/local/estatua-pedro-alvares-cabral/embed/#?secret=N0aMgjXSMV" width="600" height="338" title="&#8222;Statue von Pedro Álvares Cabral&#8220; &#8211; Aldeias Históricas de Portugal" data-secret="N0aMgjXSMV" frameborder="0" marginwidth="0" marginheight="0" scrolling="no" class="wp-embedded-content"></iframe><script type="text/javascript">
/* <![CDATA[ */
/*! This file is auto-generated */
!function(d,l){"use strict";l.querySelector&&d.addEventListener&&"undefined"!=typeof URL&&(d.wp=d.wp||{},d.wp.receiveEmbedMessage||(d.wp.receiveEmbedMessage=function(e){var t=e.data;if((t||t.secret||t.message||t.value)&&!/[^a-zA-Z0-9]/.test(t.secret)){for(var s,r,n,a=l.querySelectorAll('iframe[data-secret="'+t.secret+'"]'),o=l.querySelectorAll('blockquote[data-secret="'+t.secret+'"]'),c=new RegExp("^https?:$","i"),i=0;i<o.length;i++)o[i].style.display="none";for(i=0;i<a.length;i++)s=a[i],e.source===s.contentWindow&&(s.removeAttribute("style"),"height"===t.message?(1e3<(r=parseInt(t.value,10))?r=1e3:~~r<200&&(r=200),s.height=r):"link"===t.message&&(r=new URL(s.getAttribute("src")),n=new URL(t.value),c.test(n.protocol))&&n.host===r.host&&l.activeElement===s&&(d.top.location.href=t.value))}},d.addEventListener("message",d.wp.receiveEmbedMessage,!1),l.addEventListener("DOMContentLoaded",function(){for(var e,t,s=l.querySelectorAll("iframe.wp-embedded-content"),r=0;r<s.length;r++)(t=(e=s[r]).getAttribute("data-secret"))||(t=Math.random().toString(36).substring(2,12),e.src+="#?secret="+t,e.setAttribute("data-secret",t)),e.contentWindow.postMessage({message:"ready",secret:t},"*")},!1)))}(window,document);
//# sourceURL=https://aldeiashistoricasdeportugal.com/wp-includes/js/wp-embed.min.js
/* ]]> */
</script>

Eine in 1961 von Álvaro de Brée gefertigte Skulptur. Enthüllt wurde diese in 1963 von Juscelino Kubitschek de Oliveira (Präsident von Brasilien, 1956-1961). Der Seefahrer befindet sich in einer ausgelassenen Pose und hält ein Astrolabium, ein Schwert und ein Kreuz. Statuen von Cabral sind nur in Belmonte, Lissabon und Santarém aufzufinden. Er ist auch auf [&hellip;]
