{"version":"1.0","provider_name":"Aldeias Hist\u00f3ricas de Portugal","provider_url":"https:\/\/aldeiashistoricasdeportugal.com\/de","author_name":"Technical Skillmind","author_url":"https:\/\/aldeiashistoricasdeportugal.com\/de\/author\/technical-skillmind\/","title":"Ziehbrunnen und Forum - Aldeias Hist\u00f3ricas de Portugal","type":"rich","width":600,"height":338,"html":"<blockquote class=\"wp-embedded-content\" data-secret=\"5dNkzyn3K7\"><a href=\"https:\/\/aldeiashistoricasdeportugal.com\/de\/local\/fonte-de-mergulho-e-forum\/\">Ziehbrunnen und Forum<\/a><\/blockquote><iframe sandbox=\"allow-scripts\" security=\"restricted\" src=\"https:\/\/aldeiashistoricasdeportugal.com\/de\/local\/fonte-de-mergulho-e-forum\/embed\/#?secret=5dNkzyn3K7\" width=\"600\" height=\"338\" title=\"&#8222;Ziehbrunnen und Forum&#8220; &#8211; Aldeias Hist\u00f3ricas de Portugal\" data-secret=\"5dNkzyn3K7\" frameborder=\"0\" marginwidth=\"0\" marginheight=\"0\" scrolling=\"no\" class=\"wp-embedded-content\"><\/iframe><script type=\"text\/javascript\">\n\/* <![CDATA[ *\/\n\/*! This file is auto-generated *\/\n!function(d,l){\"use strict\";l.querySelector&&d.addEventListener&&\"undefined\"!=typeof URL&&(d.wp=d.wp||{},d.wp.receiveEmbedMessage||(d.wp.receiveEmbedMessage=function(e){var t=e.data;if((t||t.secret||t.message||t.value)&&!\/[^a-zA-Z0-9]\/.test(t.secret)){for(var s,r,n,a=l.querySelectorAll('iframe[data-secret=\"'+t.secret+'\"]'),o=l.querySelectorAll('blockquote[data-secret=\"'+t.secret+'\"]'),c=new RegExp(\"^https?:$\",\"i\"),i=0;i<o.length;i++)o[i].style.display=\"none\";for(i=0;i<a.length;i++)s=a[i],e.source===s.contentWindow&&(s.removeAttribute(\"style\"),\"height\"===t.message?(1e3<(r=parseInt(t.value,10))?r=1e3:~~r<200&&(r=200),s.height=r):\"link\"===t.message&&(r=new URL(s.getAttribute(\"src\")),n=new URL(t.value),c.test(n.protocol))&&n.host===r.host&&l.activeElement===s&&(d.top.location.href=t.value))}},d.addEventListener(\"message\",d.wp.receiveEmbedMessage,!1),l.addEventListener(\"DOMContentLoaded\",function(){for(var e,t,s=l.querySelectorAll(\"iframe.wp-embedded-content\"),r=0;r<s.length;r++)(t=(e=s[r]).getAttribute(\"data-secret\"))||(t=Math.random().toString(36).substring(2,12),e.src+=\"#?secret=\"+t,e.setAttribute(\"data-secret\",t)),e.contentWindow.postMessage({message:\"ready\",secret:t},\"*\")},!1)))}(window,document);\n\/\/# sourceURL=https:\/\/aldeiashistoricasdeportugal.com\/wp-includes\/js\/wp-embed.min.js\n\/* ]]> *\/\n<\/script>\n","thumbnail_url":"https:\/\/aldeiashistoricasdeportugal.com\/wp-content\/uploads\/2019\/02\/rascunho-automatico-706.jpg","thumbnail_width":1200,"thumbnail_height":803,"description":"Diese Steinkonstruktion mit dem Wappen der Gemeinde entsprach dem Versammlungsort der B\u00fcrger mit gesetzgebenden Rechten von Linhares, Ort wo Entscheidungen aus dem administrativen, gesetzlichen und gerichtlichen Bereich getroffen wurden, die der Kreisregierungsstruktur einen individuellen Charakter verliehen. Bei diesen Versammlungen verhielten sich die Offiziere und B\u00fcrger mit gesetzgebenden Rechten von Linhares gem\u00e4\u00df des an Linhares ausgestellten [&hellip;]"}

Aldeias Históricas de Portugal

Ziehbrunnen und Forum - Aldeias Históricas de Portugal

<blockquote class="wp-embedded-content" data-secret="5dNkzyn3K7"><a href="https://aldeiashistoricasdeportugal.com/de/local/fonte-de-mergulho-e-forum/">Ziehbrunnen und Forum</a></blockquote><iframe sandbox="allow-scripts" security="restricted" src="https://aldeiashistoricasdeportugal.com/de/local/fonte-de-mergulho-e-forum/embed/#?secret=5dNkzyn3K7" width="600" height="338" title="&#8222;Ziehbrunnen und Forum&#8220; &#8211; Aldeias Históricas de Portugal" data-secret="5dNkzyn3K7" frameborder="0" marginwidth="0" marginheight="0" scrolling="no" class="wp-embedded-content"></iframe><script type="text/javascript">
/* <![CDATA[ */
/*! This file is auto-generated */
!function(d,l){"use strict";l.querySelector&&d.addEventListener&&"undefined"!=typeof URL&&(d.wp=d.wp||{},d.wp.receiveEmbedMessage||(d.wp.receiveEmbedMessage=function(e){var t=e.data;if((t||t.secret||t.message||t.value)&&!/[^a-zA-Z0-9]/.test(t.secret)){for(var s,r,n,a=l.querySelectorAll('iframe[data-secret="'+t.secret+'"]'),o=l.querySelectorAll('blockquote[data-secret="'+t.secret+'"]'),c=new RegExp("^https?:$","i"),i=0;i<o.length;i++)o[i].style.display="none";for(i=0;i<a.length;i++)s=a[i],e.source===s.contentWindow&&(s.removeAttribute("style"),"height"===t.message?(1e3<(r=parseInt(t.value,10))?r=1e3:~~r<200&&(r=200),s.height=r):"link"===t.message&&(r=new URL(s.getAttribute("src")),n=new URL(t.value),c.test(n.protocol))&&n.host===r.host&&l.activeElement===s&&(d.top.location.href=t.value))}},d.addEventListener("message",d.wp.receiveEmbedMessage,!1),l.addEventListener("DOMContentLoaded",function(){for(var e,t,s=l.querySelectorAll("iframe.wp-embedded-content"),r=0;r<s.length;r++)(t=(e=s[r]).getAttribute("data-secret"))||(t=Math.random().toString(36).substring(2,12),e.src+="#?secret="+t,e.setAttribute("data-secret",t)),e.contentWindow.postMessage({message:"ready",secret:t},"*")},!1)))}(window,document);
//# sourceURL=https://aldeiashistoricasdeportugal.com/wp-includes/js/wp-embed.min.js
/* ]]> */
</script>

Diese Steinkonstruktion mit dem Wappen der Gemeinde entsprach dem Versammlungsort der Bürger mit gesetzgebenden Rechten von Linhares, Ort wo Entscheidungen aus dem administrativen, gesetzlichen und gerichtlichen Bereich getroffen wurden, die der Kreisregierungsstruktur einen individuellen Charakter verliehen. Bei diesen Versammlungen verhielten sich die Offiziere und Bürger mit gesetzgebenden Rechten von Linhares gemäß des an Linhares ausgestellten [&hellip;]
