{"version":"1.0","provider_name":"Aldeias Hist\u00f3ricas de Portugal","provider_url":"https:\/\/aldeiashistoricasdeportugal.com\/de","author_name":"Technical Skillmind","author_url":"https:\/\/aldeiashistoricasdeportugal.com\/de\/author\/technical-skillmind\/","title":"\u201eS\u00e3o Francisco da Cruz\u201c Doppeltore - Aldeias Hist\u00f3ricas de Portugal","type":"rich","width":600,"height":338,"html":"<blockquote class=\"wp-embedded-content\" data-secret=\"UraIiyH4Pt\"><a href=\"https:\/\/aldeiashistoricasdeportugal.com\/de\/local\/portas-duplas-de-sao-francisco-da-cruz\/\">\u201eS\u00e3o Francisco da Cruz\u201c Doppeltore<\/a><\/blockquote><iframe sandbox=\"allow-scripts\" security=\"restricted\" src=\"https:\/\/aldeiashistoricasdeportugal.com\/de\/local\/portas-duplas-de-sao-francisco-da-cruz\/embed\/#?secret=UraIiyH4Pt\" width=\"600\" height=\"338\" title=\"&#8222;\u201eS\u00e3o Francisco da Cruz\u201c Doppeltore&#8220; &#8211; Aldeias Hist\u00f3ricas de Portugal\" data-secret=\"UraIiyH4Pt\" frameborder=\"0\" marginwidth=\"0\" marginheight=\"0\" scrolling=\"no\" class=\"wp-embedded-content\"><\/iframe><script type=\"text\/javascript\">\n\/* <![CDATA[ *\/\n\/*! This file is auto-generated *\/\n!function(d,l){\"use strict\";l.querySelector&&d.addEventListener&&\"undefined\"!=typeof URL&&(d.wp=d.wp||{},d.wp.receiveEmbedMessage||(d.wp.receiveEmbedMessage=function(e){var t=e.data;if((t||t.secret||t.message||t.value)&&!\/[^a-zA-Z0-9]\/.test(t.secret)){for(var s,r,n,a=l.querySelectorAll('iframe[data-secret=\"'+t.secret+'\"]'),o=l.querySelectorAll('blockquote[data-secret=\"'+t.secret+'\"]'),c=new RegExp(\"^https?:$\",\"i\"),i=0;i<o.length;i++)o[i].style.display=\"none\";for(i=0;i<a.length;i++)s=a[i],e.source===s.contentWindow&&(s.removeAttribute(\"style\"),\"height\"===t.message?(1e3<(r=parseInt(t.value,10))?r=1e3:~~r<200&&(r=200),s.height=r):\"link\"===t.message&&(r=new URL(s.getAttribute(\"src\")),n=new URL(t.value),c.test(n.protocol))&&n.host===r.host&&l.activeElement===s&&(d.top.location.href=t.value))}},d.addEventListener(\"message\",d.wp.receiveEmbedMessage,!1),l.addEventListener(\"DOMContentLoaded\",function(){for(var e,t,s=l.querySelectorAll(\"iframe.wp-embedded-content\"),r=0;r<s.length;r++)(t=(e=s[r]).getAttribute(\"data-secret\"))||(t=Math.random().toString(36).substring(2,12),e.src+=\"#?secret=\"+t,e.setAttribute(\"data-secret\",t)),e.contentWindow.postMessage({message:\"ready\",secret:t},\"*\")},!1)))}(window,document);\n\/\/# sourceURL=https:\/\/aldeiashistoricasdeportugal.com\/wp-includes\/js\/wp-embed.min.js\n\/* ]]> *\/\n<\/script>\n","thumbnail_url":"https:\/\/aldeiashistoricasdeportugal.com\/wp-content\/uploads\/2019\/02\/rascunho-automatico-579.jpg","thumbnail_width":1200,"thumbnail_height":803,"description":"Das Au\u00dfentor stammt bereits aus dem 19. Jahrhundert, aber das Innentor (oder auch gro\u00dfes Tor) besitzt das monumentale Portal des 17. Jahrhunderts, welches (gem\u00e4\u00df Vertrag von Antoine de Ville) Pierre Garsin zugeschrieben wird. Beide dienen der Orientierung der Besucher und verweisen diese vom Waffenraum (Sala de Armas), am Eingang der Festigungsstadt, zum Milit\u00e4r- und Geschichtsmuseum [&hellip;]"}

Aldeias Históricas de Portugal

„São Francisco da Cruz“ Doppeltore - Aldeias Históricas de Portugal

<blockquote class="wp-embedded-content" data-secret="UraIiyH4Pt"><a href="https://aldeiashistoricasdeportugal.com/de/local/portas-duplas-de-sao-francisco-da-cruz/">„São Francisco da Cruz“ Doppeltore</a></blockquote><iframe sandbox="allow-scripts" security="restricted" src="https://aldeiashistoricasdeportugal.com/de/local/portas-duplas-de-sao-francisco-da-cruz/embed/#?secret=UraIiyH4Pt" width="600" height="338" title="&#8222;„São Francisco da Cruz“ Doppeltore&#8220; &#8211; Aldeias Históricas de Portugal" data-secret="UraIiyH4Pt" frameborder="0" marginwidth="0" marginheight="0" scrolling="no" class="wp-embedded-content"></iframe><script type="text/javascript">
/* <![CDATA[ */
/*! This file is auto-generated */
!function(d,l){"use strict";l.querySelector&&d.addEventListener&&"undefined"!=typeof URL&&(d.wp=d.wp||{},d.wp.receiveEmbedMessage||(d.wp.receiveEmbedMessage=function(e){var t=e.data;if((t||t.secret||t.message||t.value)&&!/[^a-zA-Z0-9]/.test(t.secret)){for(var s,r,n,a=l.querySelectorAll('iframe[data-secret="'+t.secret+'"]'),o=l.querySelectorAll('blockquote[data-secret="'+t.secret+'"]'),c=new RegExp("^https?:$","i"),i=0;i<o.length;i++)o[i].style.display="none";for(i=0;i<a.length;i++)s=a[i],e.source===s.contentWindow&&(s.removeAttribute("style"),"height"===t.message?(1e3<(r=parseInt(t.value,10))?r=1e3:~~r<200&&(r=200),s.height=r):"link"===t.message&&(r=new URL(s.getAttribute("src")),n=new URL(t.value),c.test(n.protocol))&&n.host===r.host&&l.activeElement===s&&(d.top.location.href=t.value))}},d.addEventListener("message",d.wp.receiveEmbedMessage,!1),l.addEventListener("DOMContentLoaded",function(){for(var e,t,s=l.querySelectorAll("iframe.wp-embedded-content"),r=0;r<s.length;r++)(t=(e=s[r]).getAttribute("data-secret"))||(t=Math.random().toString(36).substring(2,12),e.src+="#?secret="+t,e.setAttribute("data-secret",t)),e.contentWindow.postMessage({message:"ready",secret:t},"*")},!1)))}(window,document);
//# sourceURL=https://aldeiashistoricasdeportugal.com/wp-includes/js/wp-embed.min.js
/* ]]> */
</script>

Das Außentor stammt bereits aus dem 19. Jahrhundert, aber das Innentor (oder auch großes Tor) besitzt das monumentale Portal des 17. Jahrhunderts, welches (gemäß Vertrag von Antoine de Ville) Pierre Garsin zugeschrieben wird. Beide dienen der Orientierung der Besucher und verweisen diese vom Waffenraum (Sala de Armas), am Eingang der Festigungsstadt, zum Militär- und Geschichtsmuseum [&hellip;]
