{"version":"1.0","provider_name":"Aldeias Hist\u00f3ricas de Portugal","provider_url":"https:\/\/aldeiashistoricasdeportugal.com\/de","author_name":"Technical Skillmind","author_url":"https:\/\/aldeiashistoricasdeportugal.com\/de\/author\/technical-skillmind\/","title":"Generalfinanzpachtamt von Beira \/ Haus der Gouverneure der Festungsstadt von Almeida - Aldeias Hist\u00f3ricas de Portugal","type":"rich","width":600,"height":338,"html":"<blockquote class=\"wp-embedded-content\" data-secret=\"PEPicSvFmn\"><a href=\"https:\/\/aldeiashistoricasdeportugal.com\/de\/local\/vedoria-geral-da-beira-casa-dos-governadores\/\">Generalfinanzpachtamt von Beira \/ Haus der Gouverneure der Festungsstadt von Almeida<\/a><\/blockquote><iframe sandbox=\"allow-scripts\" security=\"restricted\" src=\"https:\/\/aldeiashistoricasdeportugal.com\/de\/local\/vedoria-geral-da-beira-casa-dos-governadores\/embed\/#?secret=PEPicSvFmn\" width=\"600\" height=\"338\" title=\"&#8222;Generalfinanzpachtamt von Beira \/ Haus der Gouverneure der Festungsstadt von Almeida&#8220; &#8211; Aldeias Hist\u00f3ricas de Portugal\" data-secret=\"PEPicSvFmn\" frameborder=\"0\" marginwidth=\"0\" marginheight=\"0\" scrolling=\"no\" class=\"wp-embedded-content\"><\/iframe><script type=\"text\/javascript\">\n\/* <![CDATA[ *\/\n\/*! This file is auto-generated *\/\n!function(d,l){\"use strict\";l.querySelector&&d.addEventListener&&\"undefined\"!=typeof URL&&(d.wp=d.wp||{},d.wp.receiveEmbedMessage||(d.wp.receiveEmbedMessage=function(e){var t=e.data;if((t||t.secret||t.message||t.value)&&!\/[^a-zA-Z0-9]\/.test(t.secret)){for(var s,r,n,a=l.querySelectorAll('iframe[data-secret=\"'+t.secret+'\"]'),o=l.querySelectorAll('blockquote[data-secret=\"'+t.secret+'\"]'),c=new RegExp(\"^https?:$\",\"i\"),i=0;i<o.length;i++)o[i].style.display=\"none\";for(i=0;i<a.length;i++)s=a[i],e.source===s.contentWindow&&(s.removeAttribute(\"style\"),\"height\"===t.message?(1e3<(r=parseInt(t.value,10))?r=1e3:~~r<200&&(r=200),s.height=r):\"link\"===t.message&&(r=new URL(s.getAttribute(\"src\")),n=new URL(t.value),c.test(n.protocol))&&n.host===r.host&&l.activeElement===s&&(d.top.location.href=t.value))}},d.addEventListener(\"message\",d.wp.receiveEmbedMessage,!1),l.addEventListener(\"DOMContentLoaded\",function(){for(var e,t,s=l.querySelectorAll(\"iframe.wp-embedded-content\"),r=0;r<s.length;r++)(t=(e=s[r]).getAttribute(\"data-secret\"))||(t=Math.random().toString(36).substring(2,12),e.src+=\"#?secret=\"+t,e.setAttribute(\"data-secret\",t)),e.contentWindow.postMessage({message:\"ready\",secret:t},\"*\")},!1)))}(window,document);\n\/\/# sourceURL=https:\/\/aldeiashistoricasdeportugal.com\/wp-includes\/js\/wp-embed.min.js\n\/* ]]> *\/\n<\/script>\n","thumbnail_url":"https:\/\/aldeiashistoricasdeportugal.com\/wp-content\/uploads\/2019\/02\/vedoria-geral-da-beira-casa-dos-governadores.jpg","thumbnail_width":761,"thumbnail_height":571,"description":"Das Geb\u00e4ude wurde zu Ende des 17. und Anfang des 18. Jahrhunderts gebaut. Das Originalprojekt stammt vom Oberst Ant\u00f3nio Velho de Azevedo, der ebenfalls das dahinter grenzende Milit\u00e4rkrankenhaus gebaut hat. Die aktuelle Gestalt ist das Ergebnis der, von Oberstabsfeldwebel Miguel Lu\u00eds Jacob vorgenommenen, Anpassung in der zweiten H\u00e4lfte des 18. Jahrhunderts. Es besteht aus zwei [&hellip;]"}

Aldeias Históricas de Portugal

Generalfinanzpachtamt von Beira / Haus der Gouverneure der Festungsstadt von Almeida - Aldeias Históricas de Portugal

<blockquote class="wp-embedded-content" data-secret="PEPicSvFmn"><a href="https://aldeiashistoricasdeportugal.com/de/local/vedoria-geral-da-beira-casa-dos-governadores/">Generalfinanzpachtamt von Beira / Haus der Gouverneure der Festungsstadt von Almeida</a></blockquote><iframe sandbox="allow-scripts" security="restricted" src="https://aldeiashistoricasdeportugal.com/de/local/vedoria-geral-da-beira-casa-dos-governadores/embed/#?secret=PEPicSvFmn" width="600" height="338" title="&#8222;Generalfinanzpachtamt von Beira / Haus der Gouverneure der Festungsstadt von Almeida&#8220; &#8211; Aldeias Históricas de Portugal" data-secret="PEPicSvFmn" frameborder="0" marginwidth="0" marginheight="0" scrolling="no" class="wp-embedded-content"></iframe><script type="text/javascript">
/* <![CDATA[ */
/*! This file is auto-generated */
!function(d,l){"use strict";l.querySelector&&d.addEventListener&&"undefined"!=typeof URL&&(d.wp=d.wp||{},d.wp.receiveEmbedMessage||(d.wp.receiveEmbedMessage=function(e){var t=e.data;if((t||t.secret||t.message||t.value)&&!/[^a-zA-Z0-9]/.test(t.secret)){for(var s,r,n,a=l.querySelectorAll('iframe[data-secret="'+t.secret+'"]'),o=l.querySelectorAll('blockquote[data-secret="'+t.secret+'"]'),c=new RegExp("^https?:$","i"),i=0;i<o.length;i++)o[i].style.display="none";for(i=0;i<a.length;i++)s=a[i],e.source===s.contentWindow&&(s.removeAttribute("style"),"height"===t.message?(1e3<(r=parseInt(t.value,10))?r=1e3:~~r<200&&(r=200),s.height=r):"link"===t.message&&(r=new URL(s.getAttribute("src")),n=new URL(t.value),c.test(n.protocol))&&n.host===r.host&&l.activeElement===s&&(d.top.location.href=t.value))}},d.addEventListener("message",d.wp.receiveEmbedMessage,!1),l.addEventListener("DOMContentLoaded",function(){for(var e,t,s=l.querySelectorAll("iframe.wp-embedded-content"),r=0;r<s.length;r++)(t=(e=s[r]).getAttribute("data-secret"))||(t=Math.random().toString(36).substring(2,12),e.src+="#?secret="+t,e.setAttribute("data-secret",t)),e.contentWindow.postMessage({message:"ready",secret:t},"*")},!1)))}(window,document);
//# sourceURL=https://aldeiashistoricasdeportugal.com/wp-includes/js/wp-embed.min.js
/* ]]> */
</script>

Das Gebäude wurde zu Ende des 17. und Anfang des 18. Jahrhunderts gebaut. Das Originalprojekt stammt vom Oberst António Velho de Azevedo, der ebenfalls das dahinter grenzende Militärkrankenhaus gebaut hat. Die aktuelle Gestalt ist das Ergebnis der, von Oberstabsfeldwebel Miguel Luís Jacob vorgenommenen, Anpassung in der zweiten Hälfte des 18. Jahrhunderts. Es besteht aus zwei [&hellip;]
