{"version":"1.0","provider_name":"Aldeias Hist\u00f3ricas de Portugal","provider_url":"https:\/\/aldeiashistoricasdeportugal.com\/es","author_name":"Technical Skillmind","author_url":"https:\/\/aldeiashistoricasdeportugal.com\/es\/author\/technical-skillmind\/","title":"Explorer 3.0 - Aldeias Hist\u00f3ricas de Portugal - Aldeias Hist\u00f3ricas de Portugal","type":"rich","width":600,"height":338,"html":"<blockquote class=\"wp-embedded-content\" data-secret=\"z8mLpq7fRn\"><a href=\"https:\/\/aldeiashistoricasdeportugal.com\/es\/evento\/explorer-3-0-aldeias-historicas-de-portugal\/\">Explorer 3.0 &#8211; Aldeias Hist\u00f3ricas de Portugal<\/a><\/blockquote><iframe sandbox=\"allow-scripts\" security=\"restricted\" src=\"https:\/\/aldeiashistoricasdeportugal.com\/es\/evento\/explorer-3-0-aldeias-historicas-de-portugal\/embed\/#?secret=z8mLpq7fRn\" width=\"600\" height=\"338\" title=\"\u00abExplorer 3.0 &#8211; Aldeias Hist\u00f3ricas de Portugal\u00bb \u2014 Aldeias Hist\u00f3ricas de Portugal\" data-secret=\"z8mLpq7fRn\" frameborder=\"0\" marginwidth=\"0\" marginheight=\"0\" scrolling=\"no\" class=\"wp-embedded-content\"><\/iframe><script type=\"text\/javascript\">\n\/* <![CDATA[ *\/\n\/*! This file is auto-generated *\/\n!function(d,l){\"use strict\";l.querySelector&&d.addEventListener&&\"undefined\"!=typeof URL&&(d.wp=d.wp||{},d.wp.receiveEmbedMessage||(d.wp.receiveEmbedMessage=function(e){var t=e.data;if((t||t.secret||t.message||t.value)&&!\/[^a-zA-Z0-9]\/.test(t.secret)){for(var s,r,n,a=l.querySelectorAll('iframe[data-secret=\"'+t.secret+'\"]'),o=l.querySelectorAll('blockquote[data-secret=\"'+t.secret+'\"]'),c=new RegExp(\"^https?:$\",\"i\"),i=0;i<o.length;i++)o[i].style.display=\"none\";for(i=0;i<a.length;i++)s=a[i],e.source===s.contentWindow&&(s.removeAttribute(\"style\"),\"height\"===t.message?(1e3<(r=parseInt(t.value,10))?r=1e3:~~r<200&&(r=200),s.height=r):\"link\"===t.message&&(r=new URL(s.getAttribute(\"src\")),n=new URL(t.value),c.test(n.protocol))&&n.host===r.host&&l.activeElement===s&&(d.top.location.href=t.value))}},d.addEventListener(\"message\",d.wp.receiveEmbedMessage,!1),l.addEventListener(\"DOMContentLoaded\",function(){for(var e,t,s=l.querySelectorAll(\"iframe.wp-embedded-content\"),r=0;r<s.length;r++)(t=(e=s[r]).getAttribute(\"data-secret\"))||(t=Math.random().toString(36).substring(2,12),e.src+=\"#?secret=\"+t,e.setAttribute(\"data-secret\",t)),e.contentWindow.postMessage({message:\"ready\",secret:t},\"*\")},!1)))}(window,document);\n\/\/# sourceURL=https:\/\/aldeiashistoricasdeportugal.com\/wp-includes\/js\/wp-embed.min.js\n\/* ]]> *\/\n<\/script>\n","thumbnail_url":"https:\/\/aldeiashistoricasdeportugal.com\/wp-content\/uploads\/2019\/05\/explorer3.0-aldeias.jpg","thumbnail_width":1708,"thumbnail_height":1281,"description":"Disculpa, pero esta entrada est\u00e1 disponible s\u00f3lo en Portugu\u00eas. For the sake of viewer convenience, the content is shown below in the alternative language. You may click the link to switch the active language. Explorer 3.0 \u00e9 um Festival que tem por objetivo explorar o territ\u00f3rio das Aldeias Hist\u00f3ricas de Portugal atrav\u00e9s da criatividade no [&hellip;]"}

Aldeias Históricas de Portugal

Explorer 3.0 - Aldeias Históricas de Portugal - Aldeias Históricas de Portugal

<blockquote class="wp-embedded-content" data-secret="z8mLpq7fRn"><a href="https://aldeiashistoricasdeportugal.com/es/evento/explorer-3-0-aldeias-historicas-de-portugal/">Explorer 3.0 &#8211; Aldeias Históricas de Portugal</a></blockquote><iframe sandbox="allow-scripts" security="restricted" src="https://aldeiashistoricasdeportugal.com/es/evento/explorer-3-0-aldeias-historicas-de-portugal/embed/#?secret=z8mLpq7fRn" width="600" height="338" title="«Explorer 3.0 &#8211; Aldeias Históricas de Portugal» — Aldeias Históricas de Portugal" data-secret="z8mLpq7fRn" frameborder="0" marginwidth="0" marginheight="0" scrolling="no" class="wp-embedded-content"></iframe><script type="text/javascript">
/* <![CDATA[ */
/*! This file is auto-generated */
!function(d,l){"use strict";l.querySelector&&d.addEventListener&&"undefined"!=typeof URL&&(d.wp=d.wp||{},d.wp.receiveEmbedMessage||(d.wp.receiveEmbedMessage=function(e){var t=e.data;if((t||t.secret||t.message||t.value)&&!/[^a-zA-Z0-9]/.test(t.secret)){for(var s,r,n,a=l.querySelectorAll('iframe[data-secret="'+t.secret+'"]'),o=l.querySelectorAll('blockquote[data-secret="'+t.secret+'"]'),c=new RegExp("^https?:$","i"),i=0;i<o.length;i++)o[i].style.display="none";for(i=0;i<a.length;i++)s=a[i],e.source===s.contentWindow&&(s.removeAttribute("style"),"height"===t.message?(1e3<(r=parseInt(t.value,10))?r=1e3:~~r<200&&(r=200),s.height=r):"link"===t.message&&(r=new URL(s.getAttribute("src")),n=new URL(t.value),c.test(n.protocol))&&n.host===r.host&&l.activeElement===s&&(d.top.location.href=t.value))}},d.addEventListener("message",d.wp.receiveEmbedMessage,!1),l.addEventListener("DOMContentLoaded",function(){for(var e,t,s=l.querySelectorAll("iframe.wp-embedded-content"),r=0;r<s.length;r++)(t=(e=s[r]).getAttribute("data-secret"))||(t=Math.random().toString(36).substring(2,12),e.src+="#?secret="+t,e.setAttribute("data-secret",t)),e.contentWindow.postMessage({message:"ready",secret:t},"*")},!1)))}(window,document);
//# sourceURL=https://aldeiashistoricasdeportugal.com/wp-includes/js/wp-embed.min.js
/* ]]> */
</script>

Disculpa, pero esta entrada está disponible sólo en Português. For the sake of viewer convenience, the content is shown below in the alternative language. You may click the link to switch the active language. Explorer 3.0 é um Festival que tem por objetivo explorar o território das Aldeias Históricas de Portugal através da criatividade no [&hellip;]
