{"version":"1.0","provider_name":"Aldeias Hist\u00f3ricas de Portugal","provider_url":"https:\/\/aldeiashistoricasdeportugal.com\/fr","author_name":"Technical Skillmind","author_url":"https:\/\/aldeiashistoricasdeportugal.com\/fr\/author\/technical-skillmind\/","title":"Fund\u00e3o aqui come-se bem\u2013 Sabores da P\u00e1scoa - Aldeias Hist\u00f3ricas de Portugal","type":"rich","width":600,"height":338,"html":"<blockquote class=\"wp-embedded-content\" data-secret=\"xEJAYw2nYB\"><a href=\"https:\/\/aldeiashistoricasdeportugal.com\/fr\/evento\/fundao-aqui-come-se-bem-sabores-da-pascoa\/\">Fund\u00e3o aqui come-se bem\u2013 Sabores da P\u00e1scoa<\/a><\/blockquote><iframe sandbox=\"allow-scripts\" security=\"restricted\" src=\"https:\/\/aldeiashistoricasdeportugal.com\/fr\/evento\/fundao-aqui-come-se-bem-sabores-da-pascoa\/embed\/#?secret=xEJAYw2nYB\" width=\"600\" height=\"338\" title=\"\u00ab\u00a0Fund\u00e3o aqui come-se bem\u2013 Sabores da P\u00e1scoa\u00a0\u00bb &#8212; Aldeias Hist\u00f3ricas de Portugal\" data-secret=\"xEJAYw2nYB\" frameborder=\"0\" marginwidth=\"0\" marginheight=\"0\" scrolling=\"no\" class=\"wp-embedded-content\"><\/iframe><script type=\"text\/javascript\">\n\/* <![CDATA[ *\/\n\/*! This file is auto-generated *\/\n!function(d,l){\"use strict\";l.querySelector&&d.addEventListener&&\"undefined\"!=typeof URL&&(d.wp=d.wp||{},d.wp.receiveEmbedMessage||(d.wp.receiveEmbedMessage=function(e){var t=e.data;if((t||t.secret||t.message||t.value)&&!\/[^a-zA-Z0-9]\/.test(t.secret)){for(var s,r,n,a=l.querySelectorAll('iframe[data-secret=\"'+t.secret+'\"]'),o=l.querySelectorAll('blockquote[data-secret=\"'+t.secret+'\"]'),c=new RegExp(\"^https?:$\",\"i\"),i=0;i<o.length;i++)o[i].style.display=\"none\";for(i=0;i<a.length;i++)s=a[i],e.source===s.contentWindow&&(s.removeAttribute(\"style\"),\"height\"===t.message?(1e3<(r=parseInt(t.value,10))?r=1e3:~~r<200&&(r=200),s.height=r):\"link\"===t.message&&(r=new URL(s.getAttribute(\"src\")),n=new URL(t.value),c.test(n.protocol))&&n.host===r.host&&l.activeElement===s&&(d.top.location.href=t.value))}},d.addEventListener(\"message\",d.wp.receiveEmbedMessage,!1),l.addEventListener(\"DOMContentLoaded\",function(){for(var e,t,s=l.querySelectorAll(\"iframe.wp-embedded-content\"),r=0;r<s.length;r++)(t=(e=s[r]).getAttribute(\"data-secret\"))||(t=Math.random().toString(36).substring(2,12),e.src+=\"#?secret=\"+t,e.setAttribute(\"data-secret\",t)),e.contentWindow.postMessage({message:\"ready\",secret:t},\"*\")},!1)))}(window,document);\n\/\/# sourceURL=https:\/\/aldeiashistoricasdeportugal.com\/wp-includes\/js\/wp-embed.min.js\n\/* ]]> *\/\n<\/script>\n","thumbnail_url":"https:\/\/aldeiashistoricasdeportugal.com\/wp-content\/uploads\/2019\/05\/sabores_pascoa.jpg","thumbnail_width":1920,"thumbnail_height":1440,"description":"D\u00e9sol\u00e9, cet article est seulement disponible en Portugu\u00eas et English. Pour le confort de l\u2019utilisateur, le contenu est affich\u00e9 ci-dessous dans la langue par d\u00e9faut du site. Vous pouvez cliquer l\u2019un des liens pour changer la langue du site en une autre langue disponible. Tendo como mote as tradi\u00e7\u00f5es ligadas \u00e0 Quaresma e toda a [&hellip;]"}

Aldeias Históricas de Portugal

Fundão aqui come-se bem– Sabores da Páscoa - Aldeias Históricas de Portugal

<blockquote class="wp-embedded-content" data-secret="xEJAYw2nYB"><a href="https://aldeiashistoricasdeportugal.com/fr/evento/fundao-aqui-come-se-bem-sabores-da-pascoa/">Fundão aqui come-se bem– Sabores da Páscoa</a></blockquote><iframe sandbox="allow-scripts" security="restricted" src="https://aldeiashistoricasdeportugal.com/fr/evento/fundao-aqui-come-se-bem-sabores-da-pascoa/embed/#?secret=xEJAYw2nYB" width="600" height="338" title="« Fundão aqui come-se bem– Sabores da Páscoa » &#8212; Aldeias Históricas de Portugal" data-secret="xEJAYw2nYB" frameborder="0" marginwidth="0" marginheight="0" scrolling="no" class="wp-embedded-content"></iframe><script type="text/javascript">
/* <![CDATA[ */
/*! This file is auto-generated */
!function(d,l){"use strict";l.querySelector&&d.addEventListener&&"undefined"!=typeof URL&&(d.wp=d.wp||{},d.wp.receiveEmbedMessage||(d.wp.receiveEmbedMessage=function(e){var t=e.data;if((t||t.secret||t.message||t.value)&&!/[^a-zA-Z0-9]/.test(t.secret)){for(var s,r,n,a=l.querySelectorAll('iframe[data-secret="'+t.secret+'"]'),o=l.querySelectorAll('blockquote[data-secret="'+t.secret+'"]'),c=new RegExp("^https?:$","i"),i=0;i<o.length;i++)o[i].style.display="none";for(i=0;i<a.length;i++)s=a[i],e.source===s.contentWindow&&(s.removeAttribute("style"),"height"===t.message?(1e3<(r=parseInt(t.value,10))?r=1e3:~~r<200&&(r=200),s.height=r):"link"===t.message&&(r=new URL(s.getAttribute("src")),n=new URL(t.value),c.test(n.protocol))&&n.host===r.host&&l.activeElement===s&&(d.top.location.href=t.value))}},d.addEventListener("message",d.wp.receiveEmbedMessage,!1),l.addEventListener("DOMContentLoaded",function(){for(var e,t,s=l.querySelectorAll("iframe.wp-embedded-content"),r=0;r<s.length;r++)(t=(e=s[r]).getAttribute("data-secret"))||(t=Math.random().toString(36).substring(2,12),e.src+="#?secret="+t,e.setAttribute("data-secret",t)),e.contentWindow.postMessage({message:"ready",secret:t},"*")},!1)))}(window,document);
//# sourceURL=https://aldeiashistoricasdeportugal.com/wp-includes/js/wp-embed.min.js
/* ]]> */
</script>

Désolé, cet article est seulement disponible en Português et English. Pour le confort de l’utilisateur, le contenu est affiché ci-dessous dans la langue par défaut du site. Vous pouvez cliquer l’un des liens pour changer la langue du site en une autre langue disponible. Tendo como mote as tradições ligadas à Quaresma e toda a [&hellip;]
